) = -49*p + 20. List the prime factors of a(-7).
3, 11
Suppose -4*i + 8 = -t, -3*t + i = 5*i - 24. Suppose -t*u + 4*v - 340 = 0, 2*v + 3 + 7 = 0. Let f = 129 + u. What are the prime factors of f?
3, 13
Let l(r) = 6*r**3 - 3*r**2 + 2*r - 3. Let h be 3/(-4) - ((-161)/28 + 3). List the prime factors of l(h).
37
Let c = -1456 - -3307. List the prime factors of c.
3, 617
Let v be (3/(-5))/(4/(-20)) - 1. Suppose 7 = v*u - 105. List the prime factors of u.
2, 7
Let d = 2423 - -631. What are the prime factors of d?
2, 3, 509
Suppose 0 = -9*f + 1478 + 2770. What are the prime factors of f?
2, 59
Suppose 9*r - 19*r = -31370. List the prime factors of r.
3137
Let z = 259 + -152. Let w = z + -53. What are the prime factors of w?
2, 3
Let q(h) = 81*h - 14. Let v be q(4). Suppose 110 - v = -2*c. What are the prime factors of c?
2, 5
Suppose a = 3*x - 5*x - 19, -5*x - 3*a = 45. Let w be (-66)/x + 1/2. Let b = 36 - w. List the prime factors of b.
2, 3, 5
Suppose 9*b - 4*b = -15. List the prime factors of (-2)/b*10/((-120)/(-3474)).
193
Let c(v) = -4*v**3 - 8*v**2 - 2*v + 15. List the prime factors of c(-8).
1567
List the prime factors of (-24200)/154*(-7 - 0).
2, 5, 11
Let f be (-43167)/(-27) + 6/27. Suppose -9*t = -651 - f. List the prime factors of t.
2, 5
Suppose -5*r + 2*x = -17607, 16189 = 5*r + x - 1415. What are the prime factors of r?
7, 503
Let g be ((-33)/2)/((-5)/10*1). Let l = 146 - g. What are the prime factors of l?
113
Let l(z) = 2*z**2 + 15*z - 15. Let r be l(-12). Suppose 5*b - r = 122. List the prime factors of b.
43
Let l(v) = v**3 + 11*v**2 + v + 22. Let w be l(-11). Let q = 65 - w. List the prime factors of q.
2, 3
What are the prime factors of (-19)/((-190)/1764)*(-15)/(-3)?
2, 3, 7
Suppose 48*i - 78289 - 30239 = 0. What are the prime factors of i?
7, 17, 19
Suppose 2*r - 5*j - 257 = 0, 4*r + j = 281 + 266. List the prime factors of r.
2, 17
Suppose 0 = -2*y - 18 + 6. Let a be (2/(-3))/(y/36). Suppose a*g - 17 + 5 = 0. List the prime factors of g.
3
Suppose 6 = -4*x + 5*g, 5*g = -4*x - 1 + 15. Let i be (-56 + 58)/(2/23). Let o = i - x. What are the prime factors of o?
2, 11
Suppose -12*n = -11125 - 2315. List the prime factors of n.
2, 5, 7
Let g = 10 - 6. List the prime factors of g/22 + 1281/33.
3, 13
Suppose 4044*x = 4040*x + 7256. List the prime factors of x.
2, 907
Let k(i) = 11*i**2 + 2*i + 2. Suppose -7*o = -4*o - 9. List the prime factors of k(o).
107
Let u(g) = 8*g**2 + 11*g - 7. Let f be u(4). Let v = 463 - f. List the prime factors of v.
2, 149
Suppose -49 = -4*k - 5. Suppose -1 + k = t. Let v = t - -45. List the prime factors of v.
5, 11
Let l = 21 - 21. Suppose 0 = -3*z - l*p + 2*p + 16, 0 = 2*z - 5*p - 29. Suppose -i = -z*i + 56. List the prime factors of i.
2, 7
Let o(r) = -3*r**3. Let v be (-250)/(-20) - (-1)/(-2). Let p be (-6)/(-4)*v/(-9). What are the prime factors of o(p)?
2, 3
Let s(q) = -q + 368. Let p be s(0). Suppose -3*w - 4*x = -358, 0 = -3*w - 4*x + 5*x + p. List the prime factors of w.
2, 61
Suppose 19*s = 20*s - 900. What are the prime factors of s?
2, 3, 5
Let m(p) = 4*p**2 + p + 55. List the prime factors of m(-18).
31, 43
Suppose 5*c - 5927 = 6*k - 9*k, 5*c = -4*k + 5931. List the prime factors of c.
7, 13
Suppose 2*q - 5*o - 51 = 0, -q + 21 = -4*o + 3. Suppose -3*y - 19 = 38. Let r = q + y. List the prime factors of r.
19
Let x = -279 - -339. List the prime factors of x.
2, 3, 5
Suppose -5*p + 2*k + 28 = -0*p, -p + 11 = 5*k. Suppose 0 = m - 6*m - 3*g + 256, -3*g = -p. List the prime factors of m.
2, 5
Suppose 0 = 41*g - 7572 - 5917. List the prime factors of g.
7, 47
Let i(x) = -11*x - 27. Suppose -4*l + 3*l = 11. List the prime factors of i(l).
2, 47
Let y(t) = 19*t**3 - t**2 + 23*t - 126. List the prime factors of y(5).
2339
Let t = -100 - -160. Suppose -10*i + t = -7*i. List the prime factors of i.
2, 5
What are the prime factors of (-8)/(-52) + (-26290)/(-143)?
2, 23
Let i(x) be the second derivative of 31*x**4/12 - x**3/6 + 2*x**2 - x. Let j be i(3). What are the prime factors of j/6 + (-2)/(-6)?
47
Let l = -2954 + 7906. List the prime factors of l.
2, 619
Let w = -5 + 4. Let t = w + 1. Suppose 3*g - 52 = g - 2*c, t = -c + 4. List the prime factors of g.
2, 11
Let z = 83 + -80. List the prime factors of 67 + 3 - (0 - z).
73
Suppose 5*r - 446 = 4*a + 571, 2*r = 2*a + 406. Let x = r - -43. Suppose 0*k - 4*k + x = 0. What are the prime factors of k?
2, 31
Let w be ((-12)/(-10))/(1/(-5)). List the prime factors of (10/w)/((-5)/(-2 - -527)).
5, 7
Let c be (-876)/21 - 4/14. Let t = c - -68. Let k = t - 15. List the prime factors of k.
11
Let v(w) be the second derivative of w**4/4 - w**3/6 + w. Let g be v(-1). List the prime factors of (g/(-12))/((-1)/42).
2, 7
Let s be (6 - 6) + (0 - -2). Suppose 5*v + c + 1 = 7, 0 = 4*v + s*c. Suppose -124 = -3*l + d, d + 4*d = v*l - 87. What are the prime factors of l?
41
Let g(d) = -d**2 + 50*d + 53. List the prime factors of g(26).
677
Let r(l) be the second derivative of -l**6/60 - l**5/20 + l**4/24 + 2*l**2 - 6*l. Let q(y) be the first derivative of r(y). What are the prime factors of q(-3)?
2, 3
Let s(l) = -l**2 + 3*l - 6. Let a be s(4). Let c be ((-72)/a)/((-4)/40). List the prime factors of c*(28/(-8) + 3).
2, 3
Let o(p) = 350*p**2 + 24*p - 12. List the prime factors of o(3).
2, 3, 5, 107
Suppose 2*r - 10 = -4*w, 3*w - 6 = -r - 0*r. Suppose 2*k + 0*k = -3*f + 53, 87 = r*k + 3*f. Suppose 66 + k = 5*v. List the prime factors of v.
2, 5
Let o = 183 - -1484. List the prime factors of o.
1667
Suppose -12*r + 1750 = 2*r. Suppose o + q = 131, 2*o - r = o + q. List the prime factors of o.
2
What are the prime factors of 5 - 140/(-8)*16?
3, 5, 19
Suppose -6*t = -4*t - 8. Suppose -t = -0*f - f. Suppose 0 = 4*n - f*l - 108, 4*n = -l + 6*l + 107. List the prime factors of n.
2, 7
Suppose -u + 4*u - 5*v - 6904 = 0, -3*v = -2*u + 4603. Suppose 12*a = 5*a + u. What are the prime factors of a?
7, 47
Suppose -3*r = -5*f - 8*r - 5, 3*f - 3*r = -15. List the prime factors of (2/(-3))/(f*4/432).
2, 3
Let v be 4/10 + 21/(-15). Let f(h) = h**3 - h**2 + h - 3. Let y be f(3). List the prime factors of 5*v/((-5)/y).
2, 3
Let n = -10 - -10. Let w be 29 + n - (-16 - -14). What are the prime factors of w + (-1)/(1/(-3))?
2, 17
Suppose -661 = -w + 5*y, -w - 2*y = 2*y - 616. Suppose w + 216 = -v. What are the prime factors of v/(-33) - 6/(-33)?
2, 13
What are the prime factors of (6674/(-141))/(2*(-2)/78)?
13, 71
Suppose -5*i + 939 = 4*h - h, -3*i = 4*h - 570. What are the prime factors of i?
2, 3, 31
Let q(x) = -17*x**3 + 2*x**2 + 2*x + 1. Suppose 3*j = -2*y - 2*y + 10, -5*y = -j - 22. What are the prime factors of q(j)?
3, 47
Suppose 4*v - 4*c = -6*c + 1418, -3*v + 1056 = -c. What are the prime factors of v?
353
Let g(f) = 14*f**2 + 3*f + 12. List the prime factors of g(-11).
7, 239
Let i = -7 + -3. Let s be ((-5)/i)/(2/20). Suppose 0*r + 120 = s*r - g, g - 5 = 0. What are the prime factors of r?
5
Let u(p) = 6*p**2 - p + 6. Let v be u(4). Suppose 0 = -4*l - c + v, 2*l - 11 - 27 = 5*c. List the prime factors of l.
2, 3
Suppose 0*v - 4*p - 24 = 4*v, -p = -5*v - 24. Let r(w) = -4*w**2 - w + 1 - w**3 + 10 + 0*w**3. What are the prime factors of r(v)?
41
Let t(s) = s**2 + 8*s + 12. Let k be t(-4). Let v(r) = -6*r - 9. Let z be v(k). Let x = -11 + z. What are the prime factors of x?
2
Let f = 4395 - 2307. List the prime factors of f.
2, 3, 29
Let m = 12 + -10. Suppose -4*k + 10 + m = 0. Suppose k*n - b = 13, -2*n + 21 = 3*n - b. What are the prime factors of n?
2
Let i(b) = -b**2 + 8*b + 1. Let g(h) = h**2 - 8*h - 1. Let w(a) = 7*g(a) + 6*i(a). What are the prime factors of w(-4)?
47
Let z(a) = -4*a - 3. Let l(h) = -35*h - 28. Let t(o) = -3*l(o) + 28*z(o). Let y be t(-4). Suppose -w + y - 6 = 0. What are the prime factors of w?
2, 11
Let b = -833 - -1712. What are the prime factors of b?
3, 293
Let k = 18 + -11. Suppose -2*b + 15 - k = 0. What are the prime factors of b?
2
Suppose -10269 = -1758*i + 1749*i. What are the prime factors of i?
7, 163
What are the prime factors of (0 - 2)/((-6)/16815*5)?
19, 59
Suppose -306 = -n + 4*j, -5*n = 20*j - 21*j - 1492. What are the prime factors of n?
2, 149
Suppose 0*n = 3*n + 51. Let f = 45 - 51. Let g = f - n. What are the prime factors of g?
11
Let